{"id":1495,"date":"2026-04-02T11:56:47","date_gmt":"2026-04-02T11:56:47","guid":{"rendered":"https:\/\/cps.wegrow.pl\/?page_id=1495"},"modified":"2026-04-02T12:36:22","modified_gmt":"2026-04-02T12:36:22","slug":"za-zyciem","status":"publish","type":"page","link":"https:\/\/cps.wegrow.pl\/?page_id=1495","title":{"rendered":"Za \u017cyciem"},"content":{"rendered":"<p>&nbsp;<\/p>\n<p><strong>Rodzaje wsparcia i warunki otrzymania pomocy na podstawie ustawy \u201eZa \u017cyciem\u201d<\/strong><\/p>\n<p style=\"text-align: justify;\">Ustawa \u201eZa \u017cyciem\u201d wprowadzona 4 listopada 2016 roku jest jednym z najwa\u017cniejszych akt\u00f3w prawnych, kt\u00f3re maj\u0105 na celu wsparcie kobiet w ci\u0105\u017cy oraz rodzin dzieci z niepe\u0142nosprawno\u015bciami lub nieuleczalnie chorych. Ustawa ta oferuje szeroki zakres przywilej\u00f3w, kt\u00f3re maj\u0105 u\u0142atwi\u0107 rodzicom radzenie sobie w trudnych sytuacjach zwi\u0105zanych z wychowywaniem chorego dziecka. W poni\u017cszym artykule przyjrzymy si\u0119 szczeg\u00f3\u0142owo temu, jakie prawa przys\u0142uguj\u0105 rodzicom, jakie warunki nale\u017cy spe\u0142ni\u0107 oraz jakie formalno\u015bci s\u0105 z tym zwi\u0105zane.<\/p>\n<p><strong>Jednorazowe \u015bwiadczenie<\/strong><\/p>\n<p style=\"text-align: justify;\"><strong>\u00a0<\/strong>Ka\u017cda rodzina, w kt\u00f3rej dziecko urodzi\u0142o si\u0119 z ci\u0119\u017ckim i nieodwracalnym upo\u015bledzeniem lub nieuleczaln\u0105 chorob\u0105 zagra\u017caj\u0105c\u0105 \u017cyciu, ma prawo do jednorazowej zapomogi w wysoko\u015bci 4000 z\u0142. \u015awiadczenie to jest niezale\u017cne od dochodu rodziny i ma na celu wsparcie finansowe w pocz\u0105tkowym okresie \u017cycia dziecka. Aby uzyska\u0107 to \u015bwiadczenie, rodzice musz\u0105 z\u0142o\u017cy\u0107 wniosek w urz\u0119dzie miasta\/gminy lub o\u015brodku pomocy spo\u0142ecznej, do\u0142\u0105czaj\u0105c wymagane dokumenty, takie jak za\u015bwiadczenie lekarskie potwierdzaj\u0105ce diagnoz\u0119 dziecka oraz za\u015bwiadczenie, \u017ce matka by\u0142a pod opiek\u0105 lekarza co najmniej od 10. tygodnia ci\u0105\u017cy do porodu.<\/p>\n<p><strong>Opieka zdrowotna<\/strong><\/p>\n<p style=\"text-align: justify;\"><strong>\u00a0<\/strong>Dzieci maj\u0105ce za\u015bwiadczenie o nieuleczalnej chorobie maj\u0105 prawo do korzystania poza kolejno\u015bci\u0105<br \/>\nze \u015bwiadcze\u0144 opieki zdrowotnej oraz z us\u0142ug farmaceutycznych udzielanych w aptekach. Kobiety<br \/>\nw ci\u0105\u017cy maj\u0105 prawo do \u015bwiadcze\u0144 opieki zdrowotnej finansowanych ze \u015brodk\u00f3w publicznych na takich samych zasadach. Oznacza to, \u017ce \u015bwiadczenia ambulatoryjnej opieki specjalistycznej i szpitalne powinny by\u0107 udzielone w dniu zg\u0142oszenia, a w przypadku braku mo\u017cliwo\u015bci w ci\u0105gu 7 dni roboczych od zg\u0142oszenia.<\/p>\n<p><strong>Urlopy i zasi\u0142ki<\/strong><\/p>\n<p style=\"text-align: justify;\">Rodzice dzieci z za\u015bwiadczeniem \u201eZa \u017cyciem\u201d maj\u0105 prawo do wyd\u0142u\u017conego o 24 tygodnie urlopu rodzicielskiego, kt\u00f3ry wynosi odpowiednio:<\/p>\n<p>&#8211; do 65 tygodni w przypadku urodzenia 1 dziecka,<\/p>\n<p>&#8211; do 67 tygodni w przypadku urodzenia 2 lub wi\u0119cej dzieci<\/p>\n<p style=\"text-align: justify;\">\u2013 je\u015bli dziecko ma za\u015bwiadczenie o ci\u0119\u017ckim i nieodwracalnym upo\u015bledzeniu lub nieuleczalnej chorobie zagra\u017caj\u0105cej \u017cyciu<\/p>\n<p style=\"text-align: justify;\">Zasi\u0142ek macierzy\u0144ski za okres urlopu macierzy\u0144skiego wynosi 100% podstawy wymiaru, natomiast<br \/>\nza okres urlopu rodzicielskiego (r\u00f3wnie\u017c wyd\u0142u\u017conego) \u2013 70% podstawy wymiaru. Mo\u017cna r\u00f3wnie\u017c wnioskowa\u0107 o r\u00f3wn\u0105 wyp\u0142at\u0119 przez ca\u0142y okres urlopu i wtedy podstawa zasi\u0142ku wynosi 81,5% za okres urlopu macierzy\u0144skiego i rodzicielskiego (56 lub 58 tygodni), natomiast za okres wyd\u0142u\u017conego urlopu rodzicielskiego (9 tygodni) \u2013 podstawa zasi\u0142ku wyniesie 70%.<\/p>\n<p><strong>Wsparcie psychologiczne i rehabilitacyjne<\/strong><\/p>\n<p>Ustawa zapewnia dost\u0119p do szerokiego zakresu us\u0142ug wsparcia, w tym:<\/p>\n<p>&#8211; specjalistycznej pomocy psychologicznej;<\/p>\n<p>&#8211; us\u0142ug koordynacyjno-opieku\u0144czo-rehabilitacyjnych;<\/p>\n<p>&#8211; opieki paliatywnej i hospicyjnej;<\/p>\n<p>&#8211; rehabilitacji leczniczej;<\/p>\n<p>&#8211; wszelkich \u015bwiadcze\u0144 wspieraj\u0105cych dziecko i rodzin\u0119, takich jak pomoc prawna i poradnictwo.<\/p>\n<p><strong>Asystent rodziny<\/strong><\/p>\n<p>Ka\u017cda kobieta w ci\u0105\u017cy i jej rodzina mog\u0105 korzysta\u0107 z pomocy asystenta rodziny, kt\u00f3ry oferuje:<\/p>\n<p>&#8211; wsparcie w za\u0142atwianiu spraw urz\u0119dowych,<\/p>\n<p>&#8211; pomoc psychologiczn\u0105,<\/p>\n<p>&#8211; pomoc w rozwi\u0105zywaniu problem\u00f3w wychowawczych,<\/p>\n<p>&#8211; reprezentowanie przed r\u00f3\u017cnymi instytucjami na podstawie pisemnego upowa\u017cnienia.<\/p>\n<p><strong>Opieka wytchnieniowa<\/strong><\/p>\n<p style=\"text-align: justify;\">Opieka wytchnieniowa to forma wsparcia dla opiekun\u00f3w os\u00f3b z niepe\u0142nosprawno\u015bciami, przewlekle chorych lub niesamodzielnych. Umo\u017cliwia ona opiekunowi czasowy odpoczynek od codziennych obowi\u0105zk\u00f3w zwi\u0105zanych z opiek\u0105. W Polsce istniej\u0105 r\u00f3\u017cne formy opieki wytchnieniowej, a warunki korzystania z nich mog\u0105 si\u0119 r\u00f3\u017cni\u0107 w zale\u017cno\u015bci od rodzaju \u015bwiadczenia i miejsca zamieszkania.<\/p>\n<p>Rodzaje opieki wytchnieniowej i warunki szczeg\u00f3\u0142owe:<\/p>\n<p style=\"text-align: justify;\">&#8211; opieka wytchnieniowa w formie pobytu dziennego: osoba zale\u017cna przebywa w o\u015brodku wsparcia w ci\u0105gu dnia, a opiekun ma czas wolny, warunki mog\u0105 obejmowa\u0107 wiek osoby zale\u017cnej, stopie\u0144 niepe\u0142nosprawno\u015bci, rodzaj schorzenia;<\/p>\n<p style=\"text-align: justify;\">&#8211; opieka wytchnieniowa w formie pobytu ca\u0142odobowego: osoba zale\u017cna przebywa w o\u015brodku przez okre\u015blony czas (np. weekend, tydzie\u0144), a opiekun ma d\u0142u\u017cszy odpoczynek, warunki mog\u0105 by\u0107 bardziej restrykcyjne ni\u017c w przypadku pobytu dziennego;<\/p>\n<p style=\"text-align: justify;\">&#8211; opieka wytchnieniowa \u015bwiadczona w domu osoby zale\u017cnej: opiekun zast\u0119pczy przychodzi do domu osoby zale\u017cnej, a opiekun ma czas wolny, warunki mog\u0105 obejmowa\u0107 dost\u0119pno\u015b\u0107 opiekun\u00f3w zast\u0119pczych w danym regionie.<\/p>\n<p><strong>Warunki i formalno\u015bci korzystania z powy\u017cszych form pomocy<\/strong><\/p>\n<p style=\"text-align: justify;\">Aby skorzysta\u0107 z powy\u017cszych uprawnie\u0144, rodzice musz\u0105 spe\u0142ni\u0107 okre\u015blone warunki formalne. Najwa\u017cniejszym dokumentem jest za\u015bwiadczenie lekarskie potwierdzaj\u0105ce ci\u0119\u017ckie i nieodwracalne upo\u015bledzenie albo nieuleczaln\u0105 chorob\u0119 dziecka. Dokument ten musi by\u0107 wystawiony przez lekarza maj\u0105cego specjalizacj\u0119 w dziedzinie po\u0142o\u017cnictwa, ginekologii, perinatologii lub neonatologii. Za\u015bwiadczenie to jest niezb\u0119dne do uzyskania jednorazowej zapomogi oraz innych \u015bwiadcze\u0144 przys\u0142uguj\u0105cych na podstawie ustawy.<\/p>\n<p><strong>Formalno\u015bci w zakresie opieki zdrowotnej<\/strong><\/p>\n<p style=\"text-align: justify;\">Aby skorzysta\u0107 z opieki zdrowotnej poza kolejno\u015bci\u0105, kobiety w ci\u0105\u017cy i dzieci musz\u0105 mie\u0107 odpowiednie za\u015bwiadczenia. Kobiety w ci\u0105\u017cy musz\u0105 przedstawi\u0107 za\u015bwiadczenie od lekarza lub po\u0142o\u017cnej potwierdzaj\u0105ce ci\u0105\u017c\u0119. Dzieci za\u015b potrzebuj\u0105 za\u015bwiadczenia potwierdzaj\u0105cego nieuleczaln\u0105 chorob\u0119 lub ci\u0119\u017ckie upo\u015bledzenie. Dokumenty te nale\u017cy przedstawi\u0107 podczas rejestracji wizyty w plac\u00f3wce medycznej.<\/p>\n<p><strong>Procedury dotycz\u0105ce urlop\u00f3w i zasi\u0142k\u00f3w<\/strong><\/p>\n<p style=\"text-align: justify;\">Aby skorzysta\u0107 z wyd\u0142u\u017conego urlopu rodzicielskiego, rodzice musz\u0105 z\u0142o\u017cy\u0107 wniosek do pracodawcy, za\u0142\u0105czaj\u0105c za\u015bwiadczenie lekarskie potwierdzaj\u0105ce stan zdrowia dziecka. W przypadku\u00a0zasi\u0142ku macierzy\u0144skiego matka dziecka musi z\u0142o\u017cy\u0107 wniosek o wyp\u0142acenie jej zasi\u0142ku macierzy\u0144skiego za okres odpowiadaj\u0105cy okresowi urlopu macierzy\u0144skiego i urlopu rodzicielskiego w pe\u0142nym wymiarze w ci\u0105gu 21 dni po porodzie, aby otrzyma\u0107 zasi\u0142ek w wysoko\u015bci 81,5% podstawy wymiaru za ca\u0142y okres urlopu macierzy\u0144skiego i rodzicielskiego.<\/p>\n<p><strong>Wsparcie w ramach opieki psychologicznej i rehabilitacyjnej<\/strong><\/p>\n<p style=\"text-align: justify;\">Rodziny dzieci z niepe\u0142nosprawno\u015bciami lub nieuleczalnymi chorobami maj\u0105 prawo do kompleksowej opieki psychologicznej i rehabilitacyjnej. Mog\u0105 korzysta\u0107 z:<\/p>\n<p>&#8211; porad psychologicznych,<\/p>\n<p>&#8211; rehabilitacji leczniczej,<\/p>\n<p>&#8211; us\u0142ug koordynacyjno-opieku\u0144czo-rehabilitacyjnych,<\/p>\n<p>&#8211; opieki paliatywnej i hospicyjnej.<\/p>\n<p style=\"text-align: justify;\">W celu uzyskania tych us\u0142ug rodziny musz\u0105 skontaktowa\u0107 si\u0119 z odpowiednimi plac\u00f3wkami medycznymi lub o\u015brodkami pomocy spo\u0142ecznej, kt\u00f3re \u015bwiadcz\u0105 takie us\u0142ugi.<\/p>\n<p><strong>Asystent rodziny \u2013 jak skorzysta\u0107 z jego pomocy<\/strong><\/p>\n<p style=\"text-align: justify;\">Asystent rodziny to osoba, kt\u00f3ra pomaga rodzinom w codziennych obowi\u0105zkach oraz w za\u0142atwianiu formalno\u015bci. Aby skorzysta\u0107 z jego pomocy, nale\u017cy wyst\u0105pi\u0107 z wnioskiem do gminy. Asystent mo\u017ce:<\/p>\n<p>&#8211; udziela\u0107 informacji na temat dost\u0119pnych \u015bwiadcze\u0144,<\/p>\n<p>&#8211; reprezentowa\u0107 rodzin\u0119 przed instytucjami,<\/p>\n<p>&#8211; udziela\u0107 wsparcia psychologicznego,<\/p>\n<p>&#8211; pomaga\u0107 w przezwyci\u0119\u017caniu problem\u00f3w wychowawczych.<\/p>\n<p>&nbsp;<\/p>\n<p>&nbsp;<\/p>\n","protected":false},"excerpt":{"rendered":"<p>&nbsp; Rodzaje wsparcia i warunki otrzymania pomocy na podstawie ustawy \u201eZa \u017cyciem\u201d Ustawa \u201eZa \u017cyciem\u201d wprowadzona 4 listopada 2016 roku jest jednym z najwa\u017cniejszych akt\u00f3w prawnych, kt\u00f3re maj\u0105 na celu wsparcie kobiet w ci\u0105\u017cy oraz rodzin dzieci z niepe\u0142nosprawno\u015bciami lub nieuleczalnie chorych. Ustawa ta oferuje szeroki zakres przywilej\u00f3w, kt\u00f3re maj\u0105 u\u0142atwi\u0107 rodzicom radzenie sobie w &hellip; <a href=\"https:\/\/cps.wegrow.pl\/?page_id=1495\" class=\"more-link\">Czytaj dalej<span class=\"screen-reader-text\"> \u201eZa \u017cyciem\u201d<\/span><\/a><\/p>\n","protected":false},"author":1,"featured_media":0,"parent":0,"menu_order":0,"comment_status":"closed","ping_status":"closed","template":"","meta":{"footnotes":""},"class_list":["post-1495","page","type-page","status-publish","hentry"],"_links":{"self":[{"href":"https:\/\/cps.wegrow.pl\/index.php?rest_route=\/wp\/v2\/pages\/1495","targetHints":{"allow":["GET"]}}],"collection":[{"href":"https:\/\/cps.wegrow.pl\/index.php?rest_route=\/wp\/v2\/pages"}],"about":[{"href":"https:\/\/cps.wegrow.pl\/index.php?rest_route=\/wp\/v2\/types\/page"}],"author":[{"embeddable":true,"href":"https:\/\/cps.wegrow.pl\/index.php?rest_route=\/wp\/v2\/users\/1"}],"replies":[{"embeddable":true,"href":"https:\/\/cps.wegrow.pl\/index.php?rest_route=%2Fwp%2Fv2%2Fcomments&post=1495"}],"version-history":[{"count":3,"href":"https:\/\/cps.wegrow.pl\/index.php?rest_route=\/wp\/v2\/pages\/1495\/revisions"}],"predecessor-version":[{"id":1536,"href":"https:\/\/cps.wegrow.pl\/index.php?rest_route=\/wp\/v2\/pages\/1495\/revisions\/1536"}],"wp:attachment":[{"href":"https:\/\/cps.wegrow.pl\/index.php?rest_route=%2Fwp%2Fv2%2Fmedia&parent=1495"}],"curies":[{"name":"wp","href":"https:\/\/api.w.org\/{rel}","templated":true}]}}