{"id":202,"date":"2017-01-12T15:29:31","date_gmt":"2017-01-12T15:29:31","guid":{"rendered":"http:\/\/serwer1604704.home.pl\/autoinstalator\/wordpress\/?page_id=202"},"modified":"2017-01-20T21:02:48","modified_gmt":"2017-01-20T21:02:48","slug":"przetarg-nieograniczony-na-organizacje-szkolenia-roboty-remontowo-wykonczeniowe-w-budownictwie","status":"publish","type":"page","link":"https:\/\/cps.wegrow.pl\/?page_id=202","title":{"rendered":"Przetarg nieograniczony na organizacj\u0119 szkolenia: Roboty remontowo-wyko\u0144czeniowe w budownictwie"},"content":{"rendered":"<figure id=\"attachment_356\" aria-describedby=\"caption-attachment-356\" style=\"width: 150px\" class=\"wp-caption alignleft\"><a href=\"http:\/\/serwer1604704.home.pl\/autoinstalator\/wordpress\/wp-content\/uploads\/2016\/03\/Informacja-o-wyborze-najkorzystniejszej-oferty-strona-1_roboty.png\"><img loading=\"lazy\" decoding=\"async\" class=\"wp-image-356 size-thumbnail\" src=\"http:\/\/serwer1604704.home.pl\/autoinstalator\/wordpress\/wp-content\/uploads\/2016\/03\/Informacja-o-wyborze-najkorzystniejszej-oferty-strona-1_roboty-150x150.png\" alt=\"Informacja o wyborze najkorzystniejszej oferty strona 1_roboty\" width=\"150\" height=\"150\" \/><\/a><figcaption id=\"caption-attachment-356\" class=\"wp-caption-text\">Informacja o wyborze najkorzystniejszej oferty strona 1<\/figcaption><\/figure>\n<figure id=\"attachment_357\" aria-describedby=\"caption-attachment-357\" style=\"width: 150px\" class=\"wp-caption alignleft\"><a href=\"http:\/\/serwer1604704.home.pl\/autoinstalator\/wordpress\/wp-content\/uploads\/2016\/03\/Informacja-o-wyborze-najkorzystniejszej-oferty-strona-2_roboty.png\"><img loading=\"lazy\" decoding=\"async\" class=\"wp-image-357 size-thumbnail\" src=\"http:\/\/serwer1604704.home.pl\/autoinstalator\/wordpress\/wp-content\/uploads\/2016\/03\/Informacja-o-wyborze-najkorzystniejszej-oferty-strona-2_roboty-150x150.png\" width=\"150\" height=\"150\" \/><\/a><figcaption id=\"caption-attachment-357\" class=\"wp-caption-text\">Informacja o wyborze najkorzystniejszej oferty strona 2<\/figcaption><\/figure>\n<p><a style=\"transition: transform 1s ease 0s;\" href=\"http:\/\/serwer1604704.home.pl\/autoinstalator\/wordpress\/wp-content\/uploads\/2016\/03\/Zalacznik_nr_1_Roboty_remontowo_wyko\u0144czeniowe_w_budownictwie.doc\">SIWZ_CPS_W\u0119gr\u00f3w_Roboty_remontowo_wyko\u0144czeniowe_w_budownictwie<\/a> <a style=\"transition: transform 1s ease 0s;\" href=\"http:\/\/serwer1604704.home.pl\/autoinstalator\/wordpress\/wp-content\/uploads\/2016\/03\/Zalacznik_nr_1_Roboty_remontowo_wyko\u0144czeniowe_w_budownictwie.doc\">Za\u0142\u0105cznik_nr_1_Roboty_remontowo_wyko\u0144czeniowe_w_budownictwie<\/a> <a style=\"transition: transform 1s ease 0s;\" href=\"http:\/\/serwer1604704.home.pl\/autoinstalator\/wordpress\/wp-content\/uploads\/2016\/03\/Zalacznik_nr_2_Roboty_remontowo_wyko\u0144czeniowe_w_budownictwie.pdf\">Za\u0142\u0105cznik_nr_2_Roboty_remontowo_wyko\u0144czeniowe_w_budownictwie<\/a> <a style=\"transition: transform 1s ease 0s;\" href=\"http:\/\/serwer1604704.home.pl\/autoinstalator\/wordpress\/wp-content\/uploads\/2016\/03\/Zalacznik_nr_3_Roboty_remontowo_wyko\u0144czeniowe_w_budownictwiec.doc\">Za\u0142\u0105cznik_nr_3_Roboty_remontowo_wyko\u0144czeniowe_w_budownictwiec<\/a> <a style=\"transition: transform 1s ease 0s;\" href=\"http:\/\/serwer1604704.home.pl\/autoinstalator\/wordpress\/wp-content\/uploads\/2016\/03\/Zalacznik_nr_4_Roboty_remontowo_wyko\u0144czeniowe_w_budownictwie.pdf\">Za\u0142\u0105cznik_nr_4_Roboty_remontowo_wyko\u0144czeniowe_w_budownictwie<\/a> <a style=\"transition: transform 1s ease 0s;\" href=\"http:\/\/serwer1604704.home.pl\/autoinstalator\/wordpress\/wp-content\/uploads\/2016\/03\/Zalacznik_nr_5_Roboty_remontowo_wyko\u0144czeniowe_w_budownictwie.pdf\">Za\u0142\u0105cznik_nr_5_Roboty_remontowo_wyko\u0144czeniowe_w_budownictwie<\/a><\/p>\n","protected":false},"excerpt":{"rendered":"<p>SIWZ_CPS_W\u0119gr\u00f3w_Roboty_remontowo_wyko\u0144czeniowe_w_budownictwie Za\u0142\u0105cznik_nr_1_Roboty_remontowo_wyko\u0144czeniowe_w_budownictwie Za\u0142\u0105cznik_nr_2_Roboty_remontowo_wyko\u0144czeniowe_w_budownictwie Za\u0142\u0105cznik_nr_3_Roboty_remontowo_wyko\u0144czeniowe_w_budownictwiec Za\u0142\u0105cznik_nr_4_Roboty_remontowo_wyko\u0144czeniowe_w_budownictwie Za\u0142\u0105cznik_nr_5_Roboty_remontowo_wyko\u0144czeniowe_w_budownictwie<\/p>\n","protected":false},"author":1,"featured_media":0,"parent":119,"menu_order":0,"comment_status":"closed","ping_status":"closed","template":"","meta":{"footnotes":""},"class_list":["post-202","page","type-page","status-publish","hentry"],"_links":{"self":[{"href":"https:\/\/cps.wegrow.pl\/index.php?rest_route=\/wp\/v2\/pages\/202","targetHints":{"allow":["GET"]}}],"collection":[{"href":"https:\/\/cps.wegrow.pl\/index.php?rest_route=\/wp\/v2\/pages"}],"about":[{"href":"https:\/\/cps.wegrow.pl\/index.php?rest_route=\/wp\/v2\/types\/page"}],"author":[{"embeddable":true,"href":"https:\/\/cps.wegrow.pl\/index.php?rest_route=\/wp\/v2\/users\/1"}],"replies":[{"embeddable":true,"href":"https:\/\/cps.wegrow.pl\/index.php?rest_route=%2Fwp%2Fv2%2Fcomments&post=202"}],"version-history":[{"count":9,"href":"https:\/\/cps.wegrow.pl\/index.php?rest_route=\/wp\/v2\/pages\/202\/revisions"}],"predecessor-version":[{"id":442,"href":"https:\/\/cps.wegrow.pl\/index.php?rest_route=\/wp\/v2\/pages\/202\/revisions\/442"}],"up":[{"embeddable":true,"href":"https:\/\/cps.wegrow.pl\/index.php?rest_route=\/wp\/v2\/pages\/119"}],"wp:attachment":[{"href":"https:\/\/cps.wegrow.pl\/index.php?rest_route=%2Fwp%2Fv2%2Fmedia&parent=202"}],"curies":[{"name":"wp","href":"https:\/\/api.w.org\/{rel}","templated":true}]}}