{"id":383,"date":"2017-01-19T19:55:18","date_gmt":"2017-01-19T19:55:18","guid":{"rendered":"http:\/\/serwer1604704.home.pl\/?page_id=383"},"modified":"2021-07-27T12:01:43","modified_gmt":"2021-07-27T12:01:43","slug":"zasilek-pielegnacyjny","status":"publish","type":"page","link":"https:\/\/cps.wegrow.pl\/?page_id=383","title":{"rendered":"Zasi\u0142ek pi\u0119l\u0119gnacyjny"},"content":{"rendered":"<p style=\"text-align: justify;\"><span style=\"margin: 0px; color: black; font-family: 'Arial','sans-serif';\"><strong>Zasi\u0142ek piel\u0119gnacyjny<\/strong> przyznaje si\u0119 w celu cz\u0119\u015bciowego pokrycia wydatk\u00f3w wynikaj\u0105cych z konieczno\u015bci zapewnienia opieki i pomocy innej osoby w zwi\u0105zku z niezdolno\u015bci\u0105 do samodzielnej egzystencji.<\/span><\/p>\n<p><span style=\"margin: 0px; color: black; font-family: 'Arial','sans-serif';\">Zasi\u0142ek piel\u0119gnacyjny przys\u0142uguje w wysoko\u015bci <strong>215,84<span style=\"margin: 0px; font-family: 'Arial','sans-serif';\"><strong>\u00a0<\/strong>z\u0142<\/span><\/strong> miesi\u0119cznie.<\/span><\/p>\n<p><strong><u><span style=\"margin: 0px; color: black; font-family: 'Arial','sans-serif';\">Zasi\u0142ek piel\u0119gnacyjny przys\u0142uguje:<\/span><\/u><\/strong><\/p>\n<ol start=\"1\" type=\"1\">\n<li style=\"margin: 0px 0px 13px; text-align: justify; color: black; line-height: 15.6pt; font-family: 'Arial','sans-serif'; font-size: 12pt; font-style: normal; font-weight: normal;\"><span style=\"margin: 0px; font-family: 'Arial','sans-serif'; font-size: 12pt;\">niepe\u0142nosprawnemu dziecku,<\/span><\/li>\n<li style=\"margin: 0px 0px 13px; text-align: justify; color: black; line-height: 15.6pt; font-family: 'Arial','sans-serif'; font-size: 12pt; font-style: normal; font-weight: normal;\"><span style=\"margin: 0px; font-family: 'Arial','sans-serif'; font-size: 12pt;\">osobie niepe\u0142nosprawnej w wieku powy\u017cej 16 roku \u017cycia, je\u017celi legitymuje si\u0119 orzeczeniem o znacznym stopniu niepe\u0142nosprawno\u015bci,<\/span><\/li>\n<li style=\"margin: 0px 0px 13px; text-align: justify; color: black; line-height: 15.6pt; font-family: 'Arial','sans-serif'; font-size: 12pt; font-style: normal; font-weight: normal;\"><span style=\"margin: 0px; font-family: 'Arial','sans-serif'; font-size: 12pt;\">osobie, kt\u00f3ra uko\u0144czy\u0142a 75 lat.<\/span><\/li>\n<li style=\"margin: 0px 0px 13px; text-align: justify; color: black; line-height: 15.6pt; font-family: 'Arial','sans-serif'; font-size: 12pt; font-style: normal; font-weight: normal;\"><span style=\"margin: 0px; font-family: 'Arial','sans-serif'; font-size: 12pt;\">osobie niepe\u0142nosprawnej w wieku powy\u017cej 16 roku \u017cycia legitymuj\u0105cej si\u0119 orzeczeniem o umiarkowanym stopniu niepe\u0142nosprawno\u015bci, je\u017celi niepe\u0142nosprawno\u015b\u0107 powsta\u0142a w wieku do uko\u0144czenia 21 roku \u017cycia.<\/span><\/li>\n<\/ol>\n<p><strong><u><span style=\"margin: 0px; color: black; font-family: 'Arial','sans-serif';\">Zasi\u0142ek piel\u0119gnacyjny nie przys\u0142uguje:<\/span><\/u><\/strong><\/p>\n<ol start=\"1\" type=\"1\">\n<li style=\"margin: 0px 0px 13px; text-align: justify; color: black; line-height: 15.6pt; font-family: 'Arial','sans-serif'; font-size: 12pt; font-style: normal; font-weight: normal;\"><span style=\"margin: 0px; font-family: 'Arial','sans-serif'; font-size: 12pt;\">osobie uprawnionej do dodatku piel\u0119gnacyjnego,<\/span><\/li>\n<li style=\"margin: 0px 0px 13px; text-align: justify; color: black; line-height: 15.6pt; font-family: 'Arial','sans-serif'; font-size: 12pt; font-style: normal; font-weight: normal;\"><span style=\"margin: 0px; font-family: 'Arial','sans-serif'; font-size: 12pt;\">osobie umieszczonej w instytucji zapewniaj\u0105cej ca\u0142odobowe utrzymanie,<\/span><\/li>\n<li style=\"margin: 0px 0px 13px; text-align: justify; color: black; line-height: 15.6pt; font-family: 'Arial','sans-serif'; font-size: 12pt; font-style: normal; font-weight: normal;\"><span style=\"margin: 0px; font-family: 'Arial','sans-serif'; font-size: 12pt;\">je\u017celi cz\u0142onkowi rodziny przys\u0142uguje za granic\u0105 \u015bwiadczenie na pokrycie wydatk\u00f3w zwi\u0105zanych z piel\u0119gnacj\u0105 tej osoby, chyba \u017ce przepisy o\u00a0koordynacji system\u00f3w zabezpieczenia spo\u0142ecznego lub dwustronne umowy o zabezpieczeniu spo\u0142ecznym stanowi\u0105 inaczej.<\/span><\/li>\n<\/ol>\n<p style=\"text-align: justify;\"><span style=\"margin: 0px; color: black; font-family: 'Arial','sans-serif';\">Post\u0119powanie w sprawie o przyznanie zasi\u0142ku piel\u0119gnacyjnego wszczyna si\u0119 na podstawie wniosku o ustalenie prawa do zasi\u0142ku piel\u0119gnacyjnego.<\/span><\/p>\n<p style=\"text-align: justify;\"><span style=\"margin: 0px; color: black; font-family: 'Arial','sans-serif';\">Je\u017celi w okresie trzech miesi\u0119cy, licz\u0105c od dnia wydania orzeczenia o niepe\u0142nosprawno\u015bci lub orzeczenia o stopniu niepe\u0142nosprawno\u015bci, zostanie z\u0142o\u017cony wniosek o ustalenie prawa do zasi\u0142ku piel\u0119gnacyjnego, prawo to ustala si\u0119 pocz\u0105wszy od miesi\u0105ca, w kt\u00f3rym z\u0142o\u017cono wniosek o ustalenie niepe\u0142nosprawno\u015bci lub stopnia niepe\u0142nosprawno\u015bci.<\/span><\/p>\n<p style=\"text-align: justify;\"><span style=\"margin: 0px; color: black; font-family: 'Arial','sans-serif';\">Je\u017celi z\u0142o\u017cenie wniosku o ustalenie prawa do zasi\u0142ku piel\u0119gnacyjnego nast\u0105pi po up\u0142ywie trzech miesi\u0119cy od dnia wydania orzeczenia, prawo do zasi\u0142ku piel\u0119gnacyjnego ustala si\u0119 od miesi\u0105ca z\u0142o\u017cenia wniosku.<\/span><\/p>\n<p style=\"text-align: justify;\"><span style=\"margin: 0px; color: black; font-family: 'Arial','sans-serif';\">Prawo do zasi\u0142ku piel\u0119gnacyjnego ustala si\u0119 na czas nieokre\u015blony, chyba \u017ce orzeczeni o niepe\u0142nosprawno\u015bci lub orzeczenie o znacznym stopniu niepe\u0142nosprawno\u015bci zosta\u0142o wydane na czas okre\u015blony. W przypadku wydania ww. orzeczenia na czas okre\u015blony prawo do zasi\u0142ku piel\u0119gnacyjnego ustala si\u0119 do ostatniego dnia miesi\u0105ca, w kt\u00f3rym up\u0142ywa termin wa\u017cno\u015bci orzeczenia.<\/span><\/p>\n","protected":false},"excerpt":{"rendered":"<p>Zasi\u0142ek piel\u0119gnacyjny przyznaje si\u0119 w celu cz\u0119\u015bciowego pokrycia wydatk\u00f3w wynikaj\u0105cych z konieczno\u015bci zapewnienia opieki i pomocy innej osoby w zwi\u0105zku z niezdolno\u015bci\u0105 do samodzielnej egzystencji. Zasi\u0142ek piel\u0119gnacyjny przys\u0142uguje w wysoko\u015bci 215,84\u00a0z\u0142 miesi\u0119cznie. Zasi\u0142ek piel\u0119gnacyjny przys\u0142uguje: niepe\u0142nosprawnemu dziecku, osobie niepe\u0142nosprawnej w wieku powy\u017cej 16 roku \u017cycia, je\u017celi legitymuje si\u0119 orzeczeniem o znacznym stopniu niepe\u0142nosprawno\u015bci, osobie, kt\u00f3ra &hellip; <a href=\"https:\/\/cps.wegrow.pl\/?page_id=383\" class=\"more-link\">Czytaj dalej<span class=\"screen-reader-text\"> \u201eZasi\u0142ek pi\u0119l\u0119gnacyjny\u201d<\/span><\/a><\/p>\n","protected":false},"author":1,"featured_media":0,"parent":71,"menu_order":0,"comment_status":"closed","ping_status":"closed","template":"","meta":{"footnotes":""},"class_list":["post-383","page","type-page","status-publish","hentry"],"_links":{"self":[{"href":"https:\/\/cps.wegrow.pl\/index.php?rest_route=\/wp\/v2\/pages\/383","targetHints":{"allow":["GET"]}}],"collection":[{"href":"https:\/\/cps.wegrow.pl\/index.php?rest_route=\/wp\/v2\/pages"}],"about":[{"href":"https:\/\/cps.wegrow.pl\/index.php?rest_route=\/wp\/v2\/types\/page"}],"author":[{"embeddable":true,"href":"https:\/\/cps.wegrow.pl\/index.php?rest_route=\/wp\/v2\/users\/1"}],"replies":[{"embeddable":true,"href":"https:\/\/cps.wegrow.pl\/index.php?rest_route=%2Fwp%2Fv2%2Fcomments&post=383"}],"version-history":[{"count":5,"href":"https:\/\/cps.wegrow.pl\/index.php?rest_route=\/wp\/v2\/pages\/383\/revisions"}],"predecessor-version":[{"id":967,"href":"https:\/\/cps.wegrow.pl\/index.php?rest_route=\/wp\/v2\/pages\/383\/revisions\/967"}],"up":[{"embeddable":true,"href":"https:\/\/cps.wegrow.pl\/index.php?rest_route=\/wp\/v2\/pages\/71"}],"wp:attachment":[{"href":"https:\/\/cps.wegrow.pl\/index.php?rest_route=%2Fwp%2Fv2%2Fmedia&parent=383"}],"curies":[{"name":"wp","href":"https:\/\/api.w.org\/{rel}","templated":true}]}}

Zasiłek pięlęgnacyjny

<p style="text-align: justify;"><span style="margin: 0px; color: black; font-family: 'Arial','sans-serif';"><strong>Zasiłek pielęgnacyjny</strong> przyznaje się w celu częściowego pokrycia wydatków wynikających z konieczności zapewnienia opieki i pomocy innej osoby w związku z niezdolnością do samodzielnej egzystencji.</span></p>
<p><span style="margin: 0px; color: black; font-family: 'Arial','sans-serif';">Zasiłek pielęgnacyjny przysługuje w wysokości <strong>215,84<span style="margin: 0px; font-family: 'Arial','sans-serif';"><strong> </strong>zł</span></strong> miesięcznie.</span></p>
<p><strong><u><span style="margin: 0px; color: black; font-family: 'Arial','sans-serif';">Zasiłek pielęgnacyjny przysługuje:</span></u></strong></p>
<ol start="1" type="1">
<li style="margin: 0px 0px 13px; text-align: justify; color: black; line-height: 15.6pt; font-family: 'Arial','sans-serif'; font-size: 12pt; font-style: normal; font-weight: normal;"><span style="margin: 0px; font-family: 'Arial','sans-serif'; font-size: 12pt;">niepełnosprawnemu dziecku,</span></li>
<li style="margin: 0px 0px 13px; text-align: justify; color: black; line-height: 15.6pt; font-family: 'Arial','sans-serif'; font-size: 12pt; font-style: normal; font-weight: normal;"><span style="margin: 0px; font-family: 'Arial','sans-serif'; font-size: 12pt;">osobie niepełnosprawnej w wieku powyżej 16 roku życia, jeżeli legitymuje się orzeczeniem o znacznym stopniu niepełnosprawności,</span></li>
<li style="margin: 0px 0px 13px; text-align: justify; color: black; line-height: 15.6pt; font-family: 'Arial','sans-serif'; font-size: 12pt; font-style: normal; font-weight: normal;"><span style="margin: 0px; font-family: 'Arial','sans-serif'; font-size: 12pt;">osobie, która ukończyła 75 lat.</span></li>
<li style="margin: 0px 0px 13px; text-align: justify; color: black; line-height: 15.6pt; font-family: 'Arial','sans-serif'; font-size: 12pt; font-style: normal; font-weight: normal;"><span style="margin: 0px; font-family: 'Arial','sans-serif'; font-size: 12pt;">osobie niepełnosprawnej w wieku powyżej 16 roku życia legitymującej się orzeczeniem o umiarkowanym stopniu niepełnosprawności, jeżeli niepełnosprawność powstała w wieku do ukończenia 21 roku życia.</span></li>
</ol>
<p><strong><u><span style="margin: 0px; color: black; font-family: 'Arial','sans-serif';">Zasiłek pielęgnacyjny nie przysługuje:</span></u></strong></p>
<ol start="1" type="1">
<li style="margin: 0px 0px 13px; text-align: justify; color: black; line-height: 15.6pt; font-family: 'Arial','sans-serif'; font-size: 12pt; font-style: normal; font-weight: normal;"><span style="margin: 0px; font-family: 'Arial','sans-serif'; font-size: 12pt;">osobie uprawnionej do dodatku pielęgnacyjnego,</span></li>
<li style="margin: 0px 0px 13px; text-align: justify; color: black; line-height: 15.6pt; font-family: 'Arial','sans-serif'; font-size: 12pt; font-style: normal; font-weight: normal;"><span style="margin: 0px; font-family: 'Arial','sans-serif'; font-size: 12pt;">osobie umieszczonej w instytucji zapewniającej całodobowe utrzymanie,</span></li>
<li style="margin: 0px 0px 13px; text-align: justify; color: black; line-height: 15.6pt; font-family: 'Arial','sans-serif'; font-size: 12pt; font-style: normal; font-weight: normal;"><span style="margin: 0px; font-family: 'Arial','sans-serif'; font-size: 12pt;">jeżeli członkowi rodziny przysługuje za granicą świadczenie na pokrycie wydatków związanych z pielęgnacją tej osoby, chyba że przepisy o koordynacji systemów zabezpieczenia społecznego lub dwustronne umowy o zabezpieczeniu społecznym stanowią inaczej.</span></li>
</ol>
<p style="text-align: justify;"><span style="margin: 0px; color: black; font-family: 'Arial','sans-serif';">Postępowanie w sprawie o przyznanie zasiłku pielęgnacyjnego wszczyna się na podstawie wniosku o ustalenie prawa do zasiłku pielęgnacyjnego.</span></p>
<p style="text-align: justify;"><span style="margin: 0px; color: black; font-family: 'Arial','sans-serif';">Jeżeli w okresie trzech miesięcy, licząc od dnia wydania orzeczenia o niepełnosprawności lub orzeczenia o stopniu niepełnosprawności, zostanie złożony wniosek o ustalenie prawa do zasiłku pielęgnacyjnego, prawo to ustala się począwszy od miesiąca, w którym złożono wniosek o ustalenie niepełnosprawności lub stopnia niepełnosprawności.</span></p>
<p style="text-align: justify;"><span style="margin: 0px; color: black; font-family: 'Arial','sans-serif';">Jeżeli złożenie wniosku o ustalenie prawa do zasiłku pielęgnacyjnego nastąpi po upływie trzech miesięcy od dnia wydania orzeczenia, prawo do zasiłku pielęgnacyjnego ustala się od miesiąca złożenia wniosku.</span></p>
<p style="text-align: justify;"><span style="margin: 0px; color: black; font-family: 'Arial','sans-serif';">Prawo do zasiłku pielęgnacyjnego ustala się na czas nieokreślony, chyba że orzeczeni o niepełnosprawności lub orzeczenie o znacznym stopniu niepełnosprawności zostało wydane na czas określony. W przypadku wydania ww. orzeczenia na czas określony prawo do zasiłku pielęgnacyjnego ustala się do ostatniego dnia miesiąca, w którym upływa termin ważności orzeczenia.</span></p>

<p>Zasiłek pielęgnacyjny przyznaje się w celu częściowego pokrycia wydatków wynikających z konieczności zapewnienia opieki i pomocy innej osoby w związku z niezdolnością do samodzielnej egzystencji. Zasiłek pielęgnacyjny przysługuje w wysokości 215,84 zł miesięcznie. Zasiłek pielęgnacyjny przysługuje: niepełnosprawnemu dziecku, osobie niepełnosprawnej w wieku powyżej 16 roku życia, jeżeli legitymuje się orzeczeniem o znacznym stopniu niepełnosprawności, osobie, która &hellip; <a href="https://cps.wegrow.pl/?page_id=383" class="more-link">Czytaj dalej<span class="screen-reader-text"> „Zasiłek pięlęgnacyjny”</span></a></p>
