{"id":865,"date":"2020-01-09T13:57:57","date_gmt":"2020-01-09T13:57:57","guid":{"rendered":"http:\/\/cps.wegrow.pl\/?page_id=865"},"modified":"2021-11-25T08:26:25","modified_gmt":"2021-11-25T08:26:25","slug":"dzienny-dom-senior","status":"publish","type":"page","link":"https:\/\/cps.wegrow.pl\/?page_id=865","title":{"rendered":"Dzienny Dom &#8222;Senior+&#8221;"},"content":{"rendered":"<p>&nbsp;<\/p>\n<p><a href=\"https:\/\/cps.wegrow.pl\/?attachment_id=992\" rel=\"attachment wp-att-992\"><img loading=\"lazy\" decoding=\"async\" class=\"alignnone size-large wp-image-992\" src=\"https:\/\/cps.wegrow.pl\/wp-content\/uploads\/2021\/11\/Informacja-1024x723.jpg\" alt=\"\" width=\"840\" height=\"593\" srcset=\"https:\/\/cps.wegrow.pl\/wp-content\/uploads\/2021\/11\/Informacja-1024x723.jpg 1024w, https:\/\/cps.wegrow.pl\/wp-content\/uploads\/2021\/11\/Informacja-300x212.jpg 300w, https:\/\/cps.wegrow.pl\/wp-content\/uploads\/2021\/11\/Informacja-768x542.jpg 768w, https:\/\/cps.wegrow.pl\/wp-content\/uploads\/2021\/11\/Informacja.jpg 1116w\" sizes=\"auto, (max-width: 709px) 85vw, (max-width: 909px) 67vw, (max-width: 1362px) 62vw, 840px\" \/><\/a><\/p>\n<p>&nbsp;<\/p>\n<p>Dokumenty do naboru uczestnik\u00f3w:<\/p>\n<ol>\n<li>Og\u0142oszenie o naborze uczestnik\u00f3w:\u00a0 <a href=\"https:\/\/cps.wegrow.pl\/?attachment_id=880\" rel=\"attachment wp-att-880\">Og\u0142oszenie o naborze uczestnik\u00f3w do Dziennego Domu<\/a><\/li>\n<li>Za\u0142\u0105cznik nr 1:\u00a0 <a href=\"https:\/\/cps.wegrow.pl\/?attachment_id=882\" rel=\"attachment wp-att-882\">Za\u0142\u0105cznik nr 1 do Regulaminu rekrutacji uczestnik\u00f3w do Dziennego Domu<\/a><\/li>\n<li>Za\u0142\u0105cznik nr 2:\u00a0 <a href=\"https:\/\/cps.wegrow.pl\/?attachment_id=876\" rel=\"attachment wp-att-876\">Za\u0142\u0105cznik nr 2 do Regulaminu rekrutacji uczestnik\u00f3w do Dziennego Domu<\/a><\/li>\n<li>Za\u0142\u0105cznik nr 3:\u00a0 <a href=\"https:\/\/cps.wegrow.pl\/?attachment_id=877\" rel=\"attachment wp-att-877\">Za\u0142\u0105cznik nr 3 do Regulaminu rekrutacji uczestnik\u00f3w do Dziennego Domu<\/a><\/li>\n<li>Za\u0142\u0105cznik nr 4:\u00a0 <a href=\"https:\/\/cps.wegrow.pl\/?attachment_id=878\" rel=\"attachment wp-att-878\">Za\u0142\u0105cznik nr 4 Zgoda na przetwarzanie danych osobowych<\/a><\/li>\n<li>Za\u0142\u0105cznik nr 5:\u00a0 <a href=\"https:\/\/cps.wegrow.pl\/?attachment_id=879\" rel=\"attachment wp-att-879\">Za\u0142\u0105cznik nr 5 do Regulaminu rekrutacji uczestnik\u00f3w do Dziennego Domu<\/a><\/li>\n<\/ol>\n","protected":false},"excerpt":{"rendered":"<p>&nbsp; &nbsp; Dokumenty do naboru uczestnik\u00f3w: Og\u0142oszenie o naborze uczestnik\u00f3w:\u00a0 Og\u0142oszenie o naborze uczestnik\u00f3w do Dziennego Domu Za\u0142\u0105cznik nr 1:\u00a0 Za\u0142\u0105cznik nr 1 do Regulaminu rekrutacji uczestnik\u00f3w do Dziennego Domu Za\u0142\u0105cznik nr 2:\u00a0 Za\u0142\u0105cznik nr 2 do Regulaminu rekrutacji uczestnik\u00f3w do Dziennego Domu Za\u0142\u0105cznik nr 3:\u00a0 Za\u0142\u0105cznik nr 3 do Regulaminu rekrutacji uczestnik\u00f3w do Dziennego &hellip; <a href=\"https:\/\/cps.wegrow.pl\/?page_id=865\" class=\"more-link\">Czytaj dalej<span class=\"screen-reader-text\"> \u201eDzienny Dom &#8222;Senior+&#8221;\u201d<\/span><\/a><\/p>\n","protected":false},"author":3,"featured_media":0,"parent":0,"menu_order":0,"comment_status":"closed","ping_status":"closed","template":"","meta":{"footnotes":""},"class_list":["post-865","page","type-page","status-publish","hentry"],"_links":{"self":[{"href":"https:\/\/cps.wegrow.pl\/index.php?rest_route=\/wp\/v2\/pages\/865","targetHints":{"allow":["GET"]}}],"collection":[{"href":"https:\/\/cps.wegrow.pl\/index.php?rest_route=\/wp\/v2\/pages"}],"about":[{"href":"https:\/\/cps.wegrow.pl\/index.php?rest_route=\/wp\/v2\/types\/page"}],"author":[{"embeddable":true,"href":"https:\/\/cps.wegrow.pl\/index.php?rest_route=\/wp\/v2\/users\/3"}],"replies":[{"embeddable":true,"href":"https:\/\/cps.wegrow.pl\/index.php?rest_route=%2Fwp%2Fv2%2Fcomments&post=865"}],"version-history":[{"count":6,"href":"https:\/\/cps.wegrow.pl\/index.php?rest_route=\/wp\/v2\/pages\/865\/revisions"}],"predecessor-version":[{"id":994,"href":"https:\/\/cps.wegrow.pl\/index.php?rest_route=\/wp\/v2\/pages\/865\/revisions\/994"}],"wp:attachment":[{"href":"https:\/\/cps.wegrow.pl\/index.php?rest_route=%2Fwp%2Fv2%2Fmedia&parent=865"}],"curies":[{"name":"wp","href":"https:\/\/api.w.org\/{rel}","templated":true}]}}